emainder when k is divided by 3.
2
Let o(z) = -z + 8. Let a be o(5). Suppose a*b - 2*q - 16 = -b, 2*q = 0. Suppose 3*u = -h + 15, -1 + 13 = -4*h. Calculate the remainder when u is divided by b.
2
Let c(z) be the second derivative of -13*z**3/2 + z**2/2 + 3*z. Calculate the remainder when c(-1) is divided by 21.
19
Let k(g) = 3*g**2 + 0 - g**2 + 1. Calculate the remainder when k(-3) is divided by 5/(1/2*1).
9
Let t(j) = -32*j + 2. Calculate the remainder when 135 is divided by t(-1).
33
Let v(f) = -3*f - 7. Suppose t + 45 = 2*t + 5*n, 5*t - 4*n = 341. What is the remainder when t is divided by v(-8)?
14
Suppose -m + 12 = -10. What is the remainder when 63 is divided by m?
19
Suppose 31 = j - 179. What is the remainder when j is divided by 53?
51
Suppose -5*w = -2*w - 5*l - 185, 4*l = 3*w - 181. Suppose -17 + w = 2*m. What is the remainder when m is divided by 10?
9
Suppose 0 = 3*c + 2*n - 44, -22 = -2*c - 5*n + 22. What is the remainder when ((-6)/10)/((-1)/35) is divided by c?
9
Let t(q) = 2*q**2 - q**2 - 2*q + 4 - q. Calculate the remainder when 31 is divided by t(4).
7
Let a(l) = -5*l - 35. Let i(v) = -v**2 - 2 - 3*v + 4 + 4*v. What is the remainder when a(-8) is divided by i(0)?
1
Suppose -5*a - 3*q = 2*q - 20, -5*q - 43 = -2*a. Let o = a - -1. What is the remainder when (-9)/(-18)*(-74)/(-1) is divided by o?
7
Let w be (-1 + -1)*(-11 + 1). Let a = -12 + w. Suppose -a = -x + 31. What is the remainder when x is divided by 14?
11
Let j = 113 - 100. What is the remainder when 51 is divided by j?
12
Let i(w) = w**3 - 5*w**2 + 4*w + 2. Calculate the remainder when ((-42)/28)/((-1)/4) is divided by i(4).
0
Let z = 0 - -9. What is the remainder when z is divided by 3?
0
Suppose 10 = -5*d, -4*i + 2*d = -i - 16. Calculate the remainder when 35 is divided by i.
3
Let v(m) = m**3 + 5*m**2 - 6*m + 4. Suppose -6*y + 2*a + 48 = -2*y, -3*y = a - 31. Calculate the remainder when 1/1 + y + -2 is divided by v(-6).
2
Let x(o) = 7*o - 5. Let f be (-6)/8 - 90/(-24). What is the remainder when x(f) is divided by 9?
7
Let x(j) = j**2 + 5*j - 10. What is the remainder when 23 is divided by x(-8)?
9
Let c = -5 + 5. Let n = c - -1. Suppose n + 54 = w. What is the remainder when w is divided by 19?
17
Suppose -5 + 69 = h. Let a = 31 - 9. Calculate the remainder when h is divided by a.
20
Let q = 29 + -21. Suppose 0 = m + 2*m - 21. Suppose 4*f = m*f - 66. What is the remainder when f is divided by q?
6
Suppose -12 = -c - 0. What is the remainder when c is divided by (-8)/(-2)*(-10)/(-8)?
2
Calculate the remainder when 19 is divided by (-6)/15 + 111/15.
5
Suppose -4*u = 6*m - 2*m, -5*m - 25 = 0. Calculate the remainder when 14 is divided by u.
4
Let z = -54 + 103. What is the remainder when z is divided by 25?
24
Let b be (1 - 3) + 141 + -1. Suppose 4*u - 166 - b = 0. Suppose 2*t - u = -2*t. What is the remainder when 37 is divided by t?
18
Let w(q) = -8*q - 3*q - 1 + 12*q + 27*q. Let x be w(3). Let d = -56 + x. What is the remainder when d is divided by 10?
7
Let m be (0 - 1) + (109 - -1). Suppose -2*u = 3*p + 2*u - m, -5*u + 180 = 5*p. Suppose 0*j = -3*j + 36. What is the remainder when p is divided by j?
11
Let t(l) = l**2 + l + 7. What is the remainder when (190/(-20))/(2/(-4)) is divided by t(0)?
5
Suppose -3*u + 175 = 5*l, l - 5*u + 57 = 2*l. Let t(x) = x**3 + 5*x**2 + x + 2. What is the remainder when l is divided by t(-3)?
15
Suppose -v - 6 = 2. Let f = v - -13. Suppose -f*h + 39 = 2*w, 2*h + 4*w - 32 = -10. What is the remainder when 13 is divided by h?
6
Let w = 0 + 0. Suppose 3*x = -w*q - 2*q + 26, 4*q + 3*x - 58 = 0. Calculate the remainder when 47 is divided by q.
15
Calculate the remainder when 9 is divided by (-9)/(-6) - 28/(-8).
4
Let y(p) = 5*p**2 + p - 4. What is the remainder when 68 is divided by y(-2)?
12
Let m(d) = -4*d - 1. Let t(f) = f**2 + f + 7. Calculate the remainder when m(-7) is divided by t(0).
6
Calculate the remainder when 10/(-4)*(29/(-5) - 3) is divided by 13.
9
Let f = -2 + 15. What is the remainder when ((3 - 4) + -75)/(-2) is divided by f?
12
Suppose 4*h - 15 = 77. What is the remainder when h is divided by 11?
1
Let p be 6/(-12)*(1 - 1). Let j = 3 - p. Suppose k + 0*k + 19 = 2*n, 3*n - 1 = -4*k. Calculate the remainder when n is divided by j.
1
Suppose w = 2*w - 4. Suppose -w*j = 5*a - 25 - 100, 4*j - a - 143 = 0. Calculate the remainder when j is divided by 12.
11
Let a(m) = m**2 - m + 8. Let d(f) = 0 - 14*f**3 + 5 - 4 + f + f**2. Calculate the remainder when d(-1) is divided by a(0).
7
Let u = 24 + 5. Let z = u - 10. Calculate the remainder when z is divided by (12 - 2)/(-1 + 2).
9
Suppose 2*c - 1 = -4*j + 5, 2*j = -4*c + 12. Suppose 0 = -4*m + 8, 4*k - 2*k - c*m = 44. What is the remainder when k is divided by ((-6)/8)/((-2)/24)?
7
Suppose 3*g - 98 = -4*g. Calculate the remainder when 94 is divided by g.
10
Let s = 74 - 51. Calculate the remainder when 42 is divided by s.
19
Let v(j) = 2*j**2 + 2*j - 1. What is the remainder when 87 is divided by v(3)?
18
Suppose -3*t + 3 = -0. Suppose -23*x - 9 = -26*x. Suppose -x*n = -t - 5. Calculate the remainder when 3 is divided by n.
1
Let z = -15 - -53. What is the remainder when z is divided by 14?
10
Suppose -4*r - 16 = -8*r. Suppose 5*o = r*l - 153, -3*l - 7 = -4*l - 5*o. Calculate the remainder when 127 is divided by l.
31
Let l = 6 - 25. Let u = l - -32. Calculate the remainder when 48 is divided by u.
9
Suppose o = -3*o - 3*w + 63, o + 3*w - 18 = 0. What is the remainder when 56 is divided by o?
11
Calculate the remainder when 12 is divided by ((-12)/(-21))/((-2)/(-14)).
0
Suppose 4*i + 10 = -3*n - 2, 3 = 5*n - i. Suppose n = -3*l + 263 - 77. What is the remainder when l is divided by 21?
20
Let v(g) = -68*g**3 + 2*g**2 + g. Let x be v(-1). Suppose 2*u - 21 = -3*j + x, 2*j - 164 = -4*u. Calculate the remainder when u is divided by 10.
9
Let a(i) = i**3 + 9*i**2 + 9*i + 10. Let q be a(-8). Suppose 0 = -3*p + 7 + q. Calculate the remainder when 11 is divided by p.
2
Suppose -m + n + 3*n + 37 = 0, 0 = 3*m - n - 67. Let v = 2 + -2. Suppose 0 = o + 2*a - 2 - 3, v = -2*a - 6. What is the remainder when m is divided by o?
10
Let z be 6/(((-9)/(-6))/1). Suppose z*m + 1 = 5*m. What is the remainder when (102/12)/(m/2) is divided by 6?
5
Suppose -5*q - 10 = -0*q. Let k = q - -10. Let v(o) = -22*o**3 + o**2 + o + 1. Calculate the remainder when v(-1) is divided by k.
7
Suppose -74 + 596 = 3*i. Let y(g) = g**2 - 5*g - 4. Calculate the remainder when 2/(3*4/i) is divided by y(7).
9
Let w = 73 - 32. What is the remainder when w is divided by 22?
19
Suppose 3*w = 6*w + 9. Let r = w - -5. Suppose r*z = -3*t + 29, 4*t - 12 = 3*z + 4. What is the remainder when 20 is divided by t?
6
Let r = -26 - -45. Calculate the remainder when 54 is divided by r.
16
Suppose o + 2*o = -297. Calculate the remainder when o/(-3) + (-4 - -3) is divided by 11.
10
Let w(z) = -z**3 + 6*z**2 - 4*z - 2. Suppose -15 + 35 = 5*x. Calculate the remainder when (2*(-12)/(-8) + -1)*20 is divided by w(x).
12
Let j = -37 + 54. Calculate the remainder when 30 is divided by j.
13
Let h = 1 + 15. Calculate the remainder when 44 is divided by h.
12
Let r(t) = -t + 6. Let u = 12 + -3. Suppose 3*l - u = -42. What is the remainder when 48 is divided by r(l)?
14
Let y = -2 - -15. Let o(h) = -h**3 + 8*h**2 - 5*h - 3. Let s be o(5). Let a = s + -23. Calculate the remainder when a is divided by y.
11
What is the remainder when (13/(-3))/(-1) + 3/(-9) is divided by 4?
0
Suppose -2*r - 3*u + 13 - 1 = 0, 4*u + 8 = 0. What is the remainder when 2/(-3)*(-52 + 1) is divided by r?
7
Let n(l) = 2*l - 22. What is the remainder when 27 is divided by n(16)?
7
Let f = 241 + -120. What is the remainder when f is divided by 31?
28
Let r(o) = -o**2 + 19*o + 7. What is the remainder when r(15) is divided by 23?
21
Suppose 0 = -h - 3*p, -4*p + 16 = -0*h + 4*h. Let x(c) be the second derivative of c**3/3 - 3*c**2 - 6*c. What is the remainder when 16 is divided by x(h)?
4
Let m = -12 - -37. Suppose q + 4*q = -3*l + m, 0 = 4*l + 4*q - 36. Calculate the remainder when 18 is divided by l.
8
Let c(o) = 3*o**2 + 5*o. Calculate the remainder when c(-5) is divided by 14.
8
Suppose -4*c + 3 + 1 = 0. Let m be -1*c - (1 + -1). What is the remainder when (m + -5)/(3